actors of 4361?
7, 89
What are the prime factors of 33347?
33347
List the prime factors of 3247.
17, 191
What are the prime factors of 63404?
2, 11, 131
List the prime factors of 8548.
2, 2137
What are the prime factors of 66143?
7, 11, 859
List the prime factors of 1130.
2, 5, 113
What are the prime factors of 62899?
31, 2029
List the prime factors of 83542.
2, 41771
List the prime factors of 941.
941
What are the prime factors of 480?
2, 3, 5
What are the prime factors of 10481?
47, 223
List the prime factors of 17110.
2, 5, 29, 59
What are the prime factors of 4027?
4027
List the prime factors of 9403.
9403
What are the prime factors of 5825?
5, 233
What are the prime factors of 4602?
2, 3, 13, 59
List the prime factors of 22184.
2, 47, 59
What are the prime factors of 7117?
11, 647
What are the prime factors of 18778?
2, 41, 229
List the prime factors of 33090.
2, 3, 5, 1103
List the prime factors of 1088.
2, 17
What are the prime factors of 1469?
13, 113
What are the prime factors of 96?
2, 3
What are the prime factors of 111935?
5, 61, 367
List the prime factors of 15371.
19, 809
List the prime factors of 1556.
2, 389
List the prime factors of 10775.
5, 431
What are the prime factors of 8743?
7, 1249
What are the prime factors of 13549?
17, 797
What are the prime factors of 73775?
5, 13, 227
List the prime factors of 6078.
2, 3, 1013
What are the prime factors of 14024?
2, 1753
List the prime factors of 39676.
2, 7, 13, 109
What are the prime factors of 6050?
2, 5, 11
What are the prime factors of 13226?
2, 17, 389
What are the prime factors of 15811?
97, 163
What are the prime factors of 7777?
7, 11, 101
List the prime factors of 232.
2, 29
List the prime factors of 1694.
2, 7, 11
List the prime factors of 8275.
5, 331
What are the prime factors of 28857?
3, 9619
List the prime factors of 441.
3, 7
What are the prime factors of 8090?
2, 5, 809
What are the prime factors of 1341?
3, 149
List the prime factors of 1035.
3, 5, 23
What are the prime factors of 61647?
3, 20549
What are the prime factors of 15493?
15493
List the prime factors of 150855.
3, 5, 89, 113
List the prime factors of 18.
2, 3
What are the prime factors of 10775?
5, 431
List the prime factors of 1561.
7, 223
List the prime factors of 73537.
151, 487
List the prime factors of 236.
2, 59
What are the prime factors of 64008?
2, 3, 7, 127
What are the prime factors of 88007?
88007
List the prime factors of 1769.
29, 61
List the prime factors of 931.
7, 19
What are the prime factors of 25740?
2, 3, 5, 11, 13
List the prime factors of 10314.
2, 3, 191
List the prime factors of 23910.
2, 3, 5, 797
List the prime factors of 3767.
3767
List the prime factors of 1031.
1031
List the prime factors of 8015.
5, 7, 229
List the prime factors of 147653.
11, 31, 433
What are the prime factors of 372?
2, 3, 31
List the prime factors of 1558.
2, 19, 41
What are the prime factors of 1578?
2, 3, 263
What are the prime factors of 41787?
3, 4643
List the prime factors of 140447.
29, 167
List the prime factors of 169335.
3, 5, 53, 71
What are the prime factors of 18407?
79, 233
List the prime factors of 9133.
9133
What are the prime factors of 14547?
3, 13, 373
List the prime factors of 2094.
2, 3, 349
What are the prime factors of 109?
109
What are the prime factors of 28185?
3, 5, 1879
List the prime factors of 975.
3, 5, 13
List the prime factors of 14266.
2, 7, 1019
What are the prime factors of 23574?
2, 3, 3929
List the prime factors of 17273.
23, 751
What are the prime factors of 4383?
3, 487
What are the prime factors of 1117?
1117
List the prime factors of 82076.
2, 17, 71
List the prime factors of 2623.
43, 61
What are the prime factors of 687?
3, 229
What are the prime factors of 72782?
2, 151, 241
List the prime factors of 171.
3, 19
List the prime factors of 40624.
2, 2539
List the prime factors of 1373.
1373
List the prime factors of 31704.
2, 3, 1321
What are the prime factors of 899?
29, 31
List the prime factors of 2710.
2, 5, 271
List the prime factors of 1702.
2, 23, 37
What are the prime factors of 15506?
2, 7753
List the prime factors of 9800.
2, 5, 7
List the prime factors of 32561.
32561
What are the prime factors of 6599?
6599
List the prime factors of 4274.
2, 2137
List the prime factors of 3328.
2, 13
What are the prime factors of 1445?
5, 17
What are the prime factors of 783?
3, 29
List the prime factors of 16587.
3, 19, 97
What are the prime factors of 3522?
2, 3, 587
What are the prime factors of 4003?
4003
List the prime factors of 1238.
2, 619
What are the prime factors of 90148?
2, 31, 727
List the prime factors of 18982.
2, 9491
List the prime factors of 2714.
2, 23, 59
List the prime factors of 3115.
5, 7, 89
List the prime factors of 8134.
2, 7, 83
What are the prime factors of 4131?
3, 17
What are the prime factors of 39622?
2, 11, 1801
What are the prime factors of 6142?
2, 37, 83
What are the prime factors of 939?
3, 313
What are the prime factors of 26450?
2, 5, 23
List the prime factors of 2153.
2153
List the prime factors of 1690.
2, 5, 13
List the prime factors of 22154.
2, 11, 19, 53
What are the prime factors of 60509?
60509
What are the prime factors of 1485?
3, 5, 11
List the prime factors of 1184.
2, 37
List the prime factors of 34363.
7, 4909
List the prime factors of 57475.
5, 11, 19
List the prime factors of 51418.
2, 47, 547
List the prime factors of 1191.
3, 397
What are the prime factors of 12852?
2, 3, 7, 17
What are the prime factors of 17103?
3, 5701
What are the prime factors of 1558?
2, 19, 41
List the prime factors of 31147.
31147
List the prime factors of 3958.
2, 1979
What are the prime factors of 4680?
2, 3, 5, 13
List the prime factors of 152629.
152629
What are the prime factors of 5962?
2, 11, 271
What are the prime factors of 1148?
2, 7, 41
List the prime factors of 934.
2, 467
List the prime factors of 12148.
2, 3037
What are the prime factors of 2451?
3, 19, 43
What are the prime factors of 657?
3, 73
What are the prime factors of 3222?
2, 3, 179
What are the prime factors of 63782?
2, 31891
List the prime factors of 5962.
2, 11, 271
What are the prime factors of 12742?
2, 23, 277
List the prime factors of 21072.
2, 3, 439
What are the prime factors of 228?
2, 3, 19
List the prime factors of 10693.
17, 37
List the prime factors of 66092.
2, 13, 31, 41
List the prime factors of 1411.
17, 83
What are the prime factors of 33713?
33713
What are the prime factors of 49750?
2, 5, 199
What are the prime factors of 3029?
13, 233
List the prime factors of 2110.
2, 5, 211
What are the prime factors of 25906?
2, 12953
List the prime factors of 81760.
2, 5, 7, 73
List the prime factors of 1195.
5, 239
What are the prime factors of 28218?
2, 3, 4703
What are the prime factors of 9206?
2, 4603
What are the prime factors of 5190?
2, 3, 5, 173
List the prime factors of 16196.
2, 4049
List the prime factors of 49561.
29, 1709
What are the prime factors of 34438?
2, 67, 257
List the prime factors of 5974.
2, 29, 103
List the prime factors of 3320.
2, 5, 83
What are the prime factors of 174?
2, 3, 29
What are the prime factors of 11412?
2, 3, 317
List the prime factors of 353.
353
What are the prime factors of 98672?
2, 7, 881
List the prime factors of 2525.
5, 101
List the prime factors of 150.
2, 3, 5
List the prime factors of 53367.
3, 17789
What are the prime factors of 941?
941
List the prime factors of 3327.
3, 1109
What are the prime factors of 2296?
2, 7, 41
What are the prime factors of 1192?
2, 149
What are the prime factors of 393?
3, 131
What are the prime factors of 61220?
2, 5, 3061
What are the prime factors of 1233?
3, 137
What are the prime factors of 5059?
5059
List the prime factors of 61583.
61583
What are the prime factors of 49936?
2, 3121
What are the prime factors of 820?
2, 5, 41
List the prime factors of 71031.
3, 23677
List the prime factors of 18360.
2, 3, 5, 17
List the prime factors of 53643.
3, 17881
What are the prime factors of 416?
2, 13
List the prime factors of 5253.
3, 17, 103
What are the prime factors of 1956?
2, 3, 163
List the prime factors of 3079.
3079
What are the prime factors of 6889?
83
List the prime factors of 1970.
2, 5, 197
What are the prime factors of 36?
2, 3
List the prime factors of 4